 1498 divide 2895634?
True
Is 9 a factor of 1003532?
False
Is 6 a factor of 107020?
False
Does 49 divide 358578?
False
Is 16083310 a multiple of 19?
True
Does 8 divide 2833200?
True
Does 7 divide 57943?
False
Is 134468 a multiple of 563?
False
Is 6 a factor of 2598008?
False
Does 90 divide 593710?
False
Is 123 a factor of 319923?
True
Is 7830781 a multiple of 103?
True
Is 489 a factor of 1006696?
False
Does 962 divide 331280?
False
Does 189 divide 1078178?
False
Is 131 a factor of 2415199?
False
Is 1113420 a multiple of 723?
True
Is 404212 a multiple of 78?
False
Is 473731 a multiple of 120?
False
Is 1061 a factor of 2658359?
False
Is 124784 a multiple of 176?
True
Does 3 divide 47377?
False
Does 252 divide 769104?
True
Is 14 a factor of 564017?
False
Does 145 divide 39342489?
False
Does 33 divide 251724?
True
Is 1250234 a multiple of 23?
True
Is 67 a factor of 315451?
False
Is 516573 a multiple of 522?
False
Does 7 divide 70302?
False
Is 700091 a multiple of 67?
False
Is 720663 a multiple of 229?
True
Does 133 divide 268583?
False
Does 17 divide 15833?
False
Is 123795 a multiple of 135?
True
Does 13 divide 106004?
False
Is 213 a factor of 210018?
True
Does 124 divide 1308638?
False
Is 1243804 a multiple of 212?
True
Does 239 divide 81977?
True
Is 1080162 a multiple of 444?
False
Is 2 a factor of 31447?
False
Is 1587898 a multiple of 13?
True
Is 62230 a multiple of 7?
True
Is 6 a factor of 1266?
True
Is 39 a factor of 3117357?
False
Is 692371 a multiple of 28?
False
Does 1082 divide 33402422?
True
Does 137 divide 103435?
True
Is 1702818 a multiple of 18?
True
Is 725692 a multiple of 7?
False
Is 13961211 a multiple of 10?
False
Is 458 a factor of 3867810?
True
Is 669 a factor of 3362246?
False
Does 198 divide 272448?
True
Is 442060 a multiple of 5?
True
Is 50 a factor of 34700?
True
Does 7 divide 1370191?
False
Does 14 divide 714952?
True
Is 2650384 a multiple of 176?
True
Is 109 a factor of 472709?
False
Does 3 divide 2741?
False
Is 42 a factor of 325412?
False
Does 81 divide 969651?
True
Does 95 divide 6685?
False
Does 8 divide 53992?
True
Is 68444 a multiple of 482?
True
Does 55 divide 1125630?
True
Is 65207 a multiple of 197?
True
Does 206 divide 498726?
True
Is 71 a factor of 300701?
False
Is 17136 a multiple of 63?
True
Is 23797656 a multiple of 12?
True
Is 5087538 a multiple of 174?
False
Is 1471624 a multiple of 22?
True
Is 22 a factor of 127854?
False
Does 207 divide 334688?
False
Is 128 a factor of 1020032?
True
Does 201 divide 137685?
True
Does 1130 divide 3771940?
True
Is 2936205 a multiple of 13?
False
Does 5 divide 4248?
False
Does 134 divide 273018?
False
Is 112530 a multiple of 30?
True
Is 65 a factor of 7069465?
True
Is 61 a factor of 781837?
True
Is 136000 a multiple of 100?
True
Is 148 a factor of 123284?
True
Is 1436402 a multiple of 11?
True
Is 5588695 a multiple of 208?
False
Does 24 divide 6218015?
False
Is 261 a factor of 1003197?
False
Is 135 a factor of 1084995?
True
Is 89001 a multiple of 31?
True
Is 25 a factor of 1184500?
True
Is 46 a factor of 554944?
True
Is 65 a factor of 1799579?
False
Is 1370086 a multiple of 90?
False
Is 127 a factor of 378491?
False
Is 29 a factor of 4585609?
False
Is 86870 a multiple of 36?
False
Is 13 a factor of 2296888?
False
Is 6058122 a multiple of 42?
True
Does 3 divide 61986?
True
Is 155 a factor of 1007673?
False
Does 150 divide 101107?
False
Does 505 divide 83830?
True
Does 53 divide 104251?
True
Is 761 a factor of 31970371?
True
Is 60 a factor of 30420?
True
Does 20 divide 64493?
False
Does 16 divide 317568?
True
Is 1322960 a multiple of 14?
False
Is 67 a factor of 8732736?
False
Is 377 a factor of 98527?
False
Is 414851 a multiple of 117?
False
Is 471 a factor of 9778431?
True
Is 5689440 a multiple of 120?
True
Is 4353800 a multiple of 100?
True
Is 292275 a multiple of 25?
True
Does 32 divide 8255?
False
Is 72063 a multiple of 157?
True
Is 122539 even?
False
Does 8 divide 15244336?
True
Is 46 a factor of 143859?
False
Does 765 divide 1641690?
True
Does 14 divide 5770976?
False
Is 207 a factor of 1951445?
False
Is 975 a factor of 8122725?
True
Is 8227121 a multiple of 39?
False
Is 2 a factor of 4050?
True
Does 21 divide 34608?
True
Is 26 a factor of 227760?
True
Is 854329 a multiple of 11?
False
Does 562 divide 12279138?
True
Does 83 divide 103584?
True
Does 341 divide 360437?
True
Is 18848 a multiple of 8?
True
Is 2493 a multiple of 3?
True
Is 297 a factor of 939411?
True
Is 75 a factor of 2333442?
False
Does 19 divide 1215357?
False
Is 5 a factor of 1257506?
False
Is 525000 a multiple of 21?
True
Does 3 divide 88517?
False
Is 3031 a multiple of 24?
False
Is 52846 a multiple of 29?
False
Does 293 divide 187136?
False
Is 118 a factor of 158946?
True
Does 1120 divide 1944320?
True
Does 127 divide 648462?
True
Is 327635 a multiple of 161?
True
Does 37 divide 6462?
False
Does 536 divide 4467560?
True
Is 6332147 a multiple of 131?
True
Does 119 divide 5843?
False
Does 258 divide 3175460?
False
Is 575845 a multiple of 16?
False
Does 3 divide 5912436?
True
Is 53 a factor of 2564278?
False
Is 40848 a multiple of 6?
True
Does 11 divide 1660113?
False
Is 340990 a multiple of 61?
True
Is 1200821 a multiple of 53?
True
Is 274213 even?
False
Is 165376 a multiple of 17?
True
Does 83 divide 1218136?
False
Is 26 a factor of 1258297?
False
Does 1304 divide 20358048?
True
Does 2 divide 2354?
True
Does 35 divide 1335915?
True
Is 16 a factor of 208524?
False
Is 390 a factor of 335669?
False
Is 76 a factor of 193689?
False
Does 182 divide 32133010?
True
Is 6 a factor of 28203?
False
Is 14528 a multiple of 908?
True
Is 118 a factor of 183430?
False
Does 185 divide 406075?
True
Is 1797798 a multiple of 194?
True
Is 21800 a multiple of 5?
True
Is 4314457 a multiple of 71?
True
Is 11 a factor of 7666659?
True
Is 24 a factor of 178632?
True
Is 54 a factor of 376177?
False
Is 51 a factor of 162741?
True
Is 737336 a multiple of 148?
True
Does 40 divide 5103400?
True
Is 2 a factor of 45857?
False
Is 1874734 a multiple of 662?
False
Does 13 divide 6253?
True
Is 4299168 a multiple of 48?
True
Is 1570377 a multiple of 451?
False
Is 73 a factor of 5195866?
False
Does 72 divide 3489912?
True
Is 1598 a factor of 18635373?
False
Is 36 a factor of 435581?
False
Is 123 a factor of 1365467?
False
Is 948 a factor of 9342540?
True
Is 162599 a multiple of 4?
False
Is 621 a factor of 1656377?
False
Is 7 a factor of 597848?
False
Is 365 a factor of 747155?
True
Is 13 a factor of 1190033?
True
Does 46 divide 311650?
True
Does 345 divide 355155?
False
Is 34632 a multiple of 26?
True
Does 514 divide 602922?
True
Is 1010170 a multiple of 18?
False
Does 33 divide 8627586?
True
Is 77095 a multiple of 11?
False
Is 5 a factor of 15040?
True
Does 65 divide 460525?
True
Is 28 a factor of 432088?
False
Does 912 divide 6549189?
False
Is 84486 a multiple of 310?
False
Is 20 a factor of 5693720?
True
Is 43 a factor of 116323?
False
Is 297 a factor of 4349856?
False
Is 790992 a multiple of 272?
False
Does 86 divide 3389?
False
Is 60 a factor of 832278?
False
Is 471 a factor of 844974?
True
Is 24 a factor of 57648?
True
Is 306516 a multiple of 164?
True
Is 288 a factor of 271572?
False
Does 39 divide 2235480?
True
Is 16 a factor of 7135728?
True
Does 110 divide 2699510?
True
Is 7833826 a multiple of 13?
True
Is 3783906 a multiple of 21?
True
Is 223582 a multiple of 14?
False
Is 5221 a multiple of 10?
False
Is 8758 a multiple of 25?
False
Is 130172 a multiple of 30?
False
Is 2512633 a multiple of 108?
False
Is 118411 a multiple of 4?
False
Is 334 a factor of 130823?
False
Is 8 a factor of 161346?
False
Is 402768 a multiple of 16?
True
Does 15 divide 61499?
False
Does 10 divide 329969?
False
Is 176 a factor of 333934?
False
Is 1291618 a multiple of 25?
False
Is 556 a factor of 383640?
True
Does 29 divide 3831045?
True
Is 22 a factor of 3631773?
False
Does 75 divide 888891?
False
Does 49 divide 1636110?
True
Does 91 divide 143689?
True
Is 464 a factor of 6660720?
True
Is 304 a factor of 726256?
True
Is 57287 a multiple of 17?
False
Is 12049 a multiple of 84?
False
Is 8 a factor of 1378976?
True
Is 136 a factor of 363596?
False
Is 1128517 a multiple of 611?
True
Does 8 divide 1130888?
True
Does 88 divide 203016?
True
Is 29323 a multiple o